{"id":689,"date":"2020-04-23T14:37:59","date_gmt":"2020-04-23T14:37:59","guid":{"rendered":"https:\/\/dorigo.7150.hostserv.eu\/?page_id=689"},"modified":"2024-04-22T16:42:02","modified_gmt":"2024-04-22T16:42:02","slug":"ihre-bewerbung-danke","status":"publish","type":"page","link":"https:\/\/dori-go.com\/index.php\/ihre-bewerbung-danke\/","title":{"rendered":"Dankesseite Bewerbung"},"content":{"rendered":"\t\t<div data-elementor-type=\"wp-page\" data-elementor-id=\"689\" class=\"elementor elementor-689\" data-elementor-post-type=\"page\">\n\t\t\t\t\t\t<section class=\"elementor-section elementor-top-section elementor-element elementor-element-514c3ad7 elementor-section-stretched elementor-section-height-full elementor-section-content-middle elementor-section-full_width elementor-section-items-bottom elementor-section-height-default\" data-id=\"514c3ad7\" data-element_type=\"section\" data-settings=\"{&quot;stretch_section&quot;:&quot;section-stretched&quot;,&quot;background_background&quot;:&quot;classic&quot;}\">\n\t\t\t\t\t\t<div class=\"elementor-container elementor-column-gap-no\">\n\t\t\t\t\t<div class=\"elementor-column elementor-col-100 elementor-top-column elementor-element elementor-element-4ad1448f\" data-id=\"4ad1448f\" data-element_type=\"column\" data-settings=\"{&quot;background_background&quot;:&quot;classic&quot;}\">\n\t\t\t<div class=\"elementor-widget-wrap elementor-element-populated\">\n\t\t\t\t\t\t<div class=\"elementor-element elementor-element-4322a135 elementor-widget__width-inherit elementor-widget elementor-widget-heading\" data-id=\"4322a135\" data-element_type=\"widget\" data-widget_type=\"heading.default\">\n\t\t\t\t\t<h1 class=\"elementor-heading-title elementor-size-default\">Karrierego!<\/h1>\t\t\t\t<\/div>\n\t\t\t\t<div class=\"elementor-element elementor-element-77f75dd4 elementor-widget__width-inherit elementor-widget elementor-widget-heading\" data-id=\"77f75dd4\" data-element_type=\"widget\" data-widget_type=\"heading.default\">\n\t\t\t\t\t<h5 class=\"elementor-heading-title elementor-size-default\">Vielen Dank f\u00fcr Ihre Bewerbung!<\/h5>\t\t\t\t<\/div>\n\t\t\t\t\t<\/div>\n\t\t<\/div>\n\t\t\t\t\t<\/div>\n\t\t<\/section>\n\t\t\t\t<section class=\"elementor-section elementor-top-section elementor-element elementor-element-f536c64 elementor-section-boxed elementor-section-height-default elementor-section-height-default\" data-id=\"f536c64\" data-element_type=\"section\">\n\t\t\t\t\t\t<div class=\"elementor-container elementor-column-gap-default\">\n\t\t\t\t\t<div class=\"elementor-column elementor-col-100 elementor-top-column elementor-element elementor-element-5cdc935b\" data-id=\"5cdc935b\" data-element_type=\"column\">\n\t\t\t<div class=\"elementor-widget-wrap elementor-element-populated\">\n\t\t\t\t\t\t<div class=\"elementor-element elementor-element-5d140e5f elementor-widget elementor-widget-heading\" data-id=\"5d140e5f\" data-element_type=\"widget\" data-widget_type=\"heading.default\">\n\t\t\t\t\t<h2 class=\"elementor-heading-title elementor-size-default\">Vielen Dank! <\/h2>\t\t\t\t<\/div>\n\t\t\t\t<div class=\"elementor-element elementor-element-56f193f1 elementor-widget elementor-widget-text-editor\" data-id=\"56f193f1\" data-element_type=\"widget\" data-widget_type=\"text-editor.default\">\n\t\t\t\t\t\t\t\t\t<h3>Ihre Bewerbung ist bei uns eingegangen<\/h3>\t\t\t\t\t\t\t\t<\/div>\n\t\t\t\t<div class=\"elementor-element elementor-element-7c00361c elementor-widget elementor-widget-text-editor\" data-id=\"7c00361c\" data-element_type=\"widget\" data-widget_type=\"text-editor.default\">\n\t\t\t\t\t\t\t\t\t<p><span lang=\"DE\" style=\"color: #6f7170;\">Nach Sichtung Ihrer Unterlagen werden wir uns kurzfristig mit Ihnen in Verbindung setzen. Sollten Sie in der Zwischenzeit Fragen haben, so stehen wir Ihnen selbstverst\u00e4ndlich auch pers\u00f6nlich zur Verf\u00fcgung. <br \/><\/span><\/p><p><span lang=\"DE\" style=\"color: #6f7170;\">Sie suchen einen wirkungsvollen Beschleuniger f\u00fcr Ihre Karriere? Wir k\u00f6nnen Sie wirkungsvoll unterst\u00fctzen: <br \/><\/span><\/p>\t\t\t\t\t\t\t\t<\/div>\n\t\t\t\t<div class=\"elementor-element elementor-element-4656b29 elementor-position-top elementor-widget elementor-widget-image-box\" data-id=\"4656b29\" data-element_type=\"widget\" data-widget_type=\"image-box.default\">\n\t\t\t\t\t<div class=\"elementor-image-box-wrapper\"><figure class=\"elementor-image-box-img\"><a href=\"https:\/\/dori-go.com\/index.php\/coaching1\/\" tabindex=\"-1\"><img decoding=\"async\" width=\"150\" height=\"150\" src=\"https:\/\/dori-go.com\/wp-content\/uploads\/2020\/07\/Coaching-150x150.png\" class=\"attachment-thumbnail size-thumbnail wp-image-892\" alt=\"Coaching\" srcset=\"https:\/\/dori-go.com\/wp-content\/uploads\/2020\/07\/Coaching-150x150.png 150w, https:\/\/dori-go.com\/wp-content\/uploads\/2020\/07\/Coaching.png 250w\" sizes=\"(max-width: 150px) 100vw, 150px\" \/><\/a><\/figure><div class=\"elementor-image-box-content\"><h2 class=\"elementor-image-box-title\"><a href=\"https:\/\/dori-go.com\/index.php\/coaching1\/\">Coaching<\/a><\/h2><p class=\"elementor-image-box-description\"><b>Erfolgskurs durch professionelle Begleitung<\/b>\n<p style=\"text-align:justify\">\nSie m\u00f6chten Ihr volles Potenzial entfalten? Sie stehen vor einer beruflichen Ver\u00e4nderung? Sie suchen den Entwicklungs-Beschleuniger? Mit unseren professionellen Coaching-Dienstleistungen begleiten wir Sie ganz nach Ihren individuellen Bed\u00fcrfnissen. <\/p><\/p><\/div><\/div>\t\t\t\t<\/div>\n\t\t\t\t\t<\/div>\n\t\t<\/div>\n\t\t\t\t\t<\/div>\n\t\t<\/section>\n\t\t\t\t<section class=\"elementor-section elementor-top-section elementor-element elementor-element-6885ad1 elementor-section-boxed elementor-section-height-default elementor-section-height-default\" data-id=\"6885ad1\" data-element_type=\"section\">\n\t\t\t\t\t\t<div class=\"elementor-container elementor-column-gap-default\">\n\t\t\t\t\t<div class=\"elementor-column elementor-col-100 elementor-top-column elementor-element elementor-element-4c8e0ed\" data-id=\"4c8e0ed\" data-element_type=\"column\">\n\t\t\t<div class=\"elementor-widget-wrap elementor-element-populated\">\n\t\t\t\t\t\t<div class=\"elementor-element elementor-element-71b68fe elementor-widget elementor-widget-heading\" data-id=\"71b68fe\" data-element_type=\"widget\" data-widget_type=\"heading.default\">\n\t\t\t\t\t<h2 class=\"elementor-heading-title elementor-size-default\">Aktuelles aus unserem Blog<\/h2>\t\t\t\t<\/div>\n\t\t\t\t<div class=\"elementor-element elementor-element-b2a3ae6 elementor-widget elementor-widget-text-editor\" data-id=\"b2a3ae6\" data-element_type=\"widget\" data-widget_type=\"text-editor.default\">\n\t\t\t\t\t\t\t\t\t<p>Tipps &amp; Tricks f\u00fcr Bewerber<\/p>\t\t\t\t\t\t\t\t<\/div>\n\t\t\t\t<div class=\"elementor-element elementor-element-ba61017 elementor-grid-3 elementor-grid-tablet-2 elementor-grid-mobile-1 elementor-posts--thumbnail-top elementor-posts--show-avatar elementor-card-shadow-yes elementor-posts__hover-gradient elementor-widget elementor-widget-posts\" data-id=\"ba61017\" data-element_type=\"widget\" data-settings=\"{&quot;cards_columns&quot;:&quot;3&quot;,&quot;cards_columns_tablet&quot;:&quot;2&quot;,&quot;cards_columns_mobile&quot;:&quot;1&quot;,&quot;cards_row_gap&quot;:{&quot;unit&quot;:&quot;px&quot;,&quot;size&quot;:35,&quot;sizes&quot;:[]},&quot;cards_row_gap_tablet&quot;:{&quot;unit&quot;:&quot;px&quot;,&quot;size&quot;:&quot;&quot;,&quot;sizes&quot;:[]},&quot;cards_row_gap_mobile&quot;:{&quot;unit&quot;:&quot;px&quot;,&quot;size&quot;:&quot;&quot;,&quot;sizes&quot;:[]}}\" data-widget_type=\"posts.cards\">\n\t\t\t\t<div class=\"elementor-widget-container\">\n\t\t\t\t\t\t\t<div class=\"elementor-posts-container elementor-posts elementor-posts--skin-cards elementor-grid\" role=\"list\">\n\t\t\t\t<article class=\"elementor-post elementor-grid-item post-7831 post type-post status-publish format-standard has-post-thumbnail hentry category-stellensuche entry has-media\" role=\"listitem\">\n\t\t\t<div class=\"elementor-post__card\">\n\t\t\t\t<a class=\"elementor-post__thumbnail__link\" href=\"https:\/\/dori-go.com\/index.php\/so-holen-sie-mehr-aus-einem-jobinterview-heraus\/\" tabindex=\"-1\" ><div class=\"elementor-post__thumbnail\"><img decoding=\"async\" width=\"300\" height=\"120\" src=\"https:\/\/dori-go.com\/wp-content\/uploads\/2025\/11\/57-300x120.webp\" class=\"attachment-medium size-medium wp-image-7832\" alt=\"\" srcset=\"https:\/\/dori-go.com\/wp-content\/uploads\/2025\/11\/57-300x120.webp 300w, https:\/\/dori-go.com\/wp-content\/uploads\/2025\/11\/57-1024x410.webp 1024w, https:\/\/dori-go.com\/wp-content\/uploads\/2025\/11\/57-768x307.webp 768w, https:\/\/dori-go.com\/wp-content\/uploads\/2025\/11\/57.webp 1400w\" sizes=\"(max-width: 300px) 100vw, 300px\" \/><\/div><\/a>\n\t\t\t\t<div class=\"elementor-post__badge\">Stellensuche<\/div>\n\t\t\t\t<div class=\"elementor-post__avatar\">\n\t\t\t<img alt='Maurizio Campagnaro' src='https:\/\/secure.gravatar.com\/avatar\/1700b1fe4bff022e0445c5e705b63e3762fc7819a044be509d56282bbccaf109?s=128&#038;d=mm&#038;r=g' srcset='https:\/\/secure.gravatar.com\/avatar\/1700b1fe4bff022e0445c5e705b63e3762fc7819a044be509d56282bbccaf109?s=256&#038;d=mm&#038;r=g 2x' class='avatar avatar-128 photo' height='128' width='128' \/>\t\t<\/div>\n\t\t\t\t<div class=\"elementor-post__text\">\n\t\t\t\t<h3 class=\"elementor-post__title\">\n\t\t\t<a href=\"https:\/\/dori-go.com\/index.php\/so-holen-sie-mehr-aus-einem-jobinterview-heraus\/\" >\n\t\t\t\tSo holen Sie mehr aus einem Jobinterview heraus \u2013 5 Fragen, die Sie stellen sollten\t\t\t<\/a>\n\t\t<\/h3>\n\t\t\t\t<div class=\"elementor-post__excerpt\">\n\t\t\t<p>Als Rekrutierungs-Dienstleister f\u00fchren wir t\u00e4glich Interviews mit F\u00fchrungspers\u00f6nlichkeiten. Es geh\u00f6rt zu unserem Alltag, Bewerberinnen und Bewerber in Gespr\u00e4chen zu erleben, ihre Wirkung einzusch\u00e4tzen und herauszufinden,<\/p>\n\t\t<\/div>\n\t\t\n\t\t<a class=\"elementor-post__read-more\" href=\"https:\/\/dori-go.com\/index.php\/so-holen-sie-mehr-aus-einem-jobinterview-heraus\/\" aria-label=\"Read more about So holen Sie mehr aus einem Jobinterview heraus \u2013 5 Fragen, die Sie stellen sollten\" tabindex=\"-1\" >\n\t\t\tMehr erfahren \u00bb\t\t<\/a>\n\n\t\t\t\t<\/div>\n\t\t\t\t<div class=\"elementor-post__meta-data\">\n\t\t\t\t\t<span class=\"elementor-post-author\">\n\t\t\tMaurizio Campagnaro\t\t<\/span>\n\t\t\t\t<span class=\"elementor-post-date\">\n\t\t\tNovember 27, 2025\t\t<\/span>\n\t\t\t\t<\/div>\n\t\t\t\t\t<\/div>\n\t\t<\/article>\n\t\t\t\t<article class=\"elementor-post elementor-grid-item post-7742 post type-post status-publish format-standard has-post-thumbnail hentry category-stellensuche category-coaching entry has-media\" role=\"listitem\">\n\t\t\t<div class=\"elementor-post__card\">\n\t\t\t\t<a class=\"elementor-post__thumbnail__link\" href=\"https:\/\/dori-go.com\/index.php\/so-schreibst-du-ein-starkes-anschreiben-mit-ki\/\" tabindex=\"-1\" ><div class=\"elementor-post__thumbnail\"><img decoding=\"async\" width=\"300\" height=\"120\" src=\"https:\/\/dori-go.com\/wp-content\/uploads\/2025\/08\/53-300x120.webp\" class=\"attachment-medium size-medium wp-image-7743\" alt=\"\" srcset=\"https:\/\/dori-go.com\/wp-content\/uploads\/2025\/08\/53-300x120.webp 300w, https:\/\/dori-go.com\/wp-content\/uploads\/2025\/08\/53-1024x410.webp 1024w, https:\/\/dori-go.com\/wp-content\/uploads\/2025\/08\/53-768x307.webp 768w, https:\/\/dori-go.com\/wp-content\/uploads\/2025\/08\/53.webp 1400w\" sizes=\"(max-width: 300px) 100vw, 300px\" \/><\/div><\/a>\n\t\t\t\t<div class=\"elementor-post__badge\">Stellensuche<\/div>\n\t\t\t\t<div class=\"elementor-post__avatar\">\n\t\t\t<img alt='Reto Dorigo' src='https:\/\/secure.gravatar.com\/avatar\/f2c677a05afd4c8e742c489f41ecf791ef967ef6a5947db0929cb830506473be?s=128&#038;d=mm&#038;r=g' srcset='https:\/\/secure.gravatar.com\/avatar\/f2c677a05afd4c8e742c489f41ecf791ef967ef6a5947db0929cb830506473be?s=256&#038;d=mm&#038;r=g 2x' class='avatar avatar-128 photo' height='128' width='128' \/>\t\t<\/div>\n\t\t\t\t<div class=\"elementor-post__text\">\n\t\t\t\t<h3 class=\"elementor-post__title\">\n\t\t\t<a href=\"https:\/\/dori-go.com\/index.php\/so-schreibst-du-ein-starkes-anschreiben-mit-ki\/\" >\n\t\t\t\tSo schreibst du ein starkes Anschreiben mit KI\t\t\t<\/a>\n\t\t<\/h3>\n\t\t\t\t<div class=\"elementor-post__excerpt\">\n\t\t\t<p>Ein gutes Anschreiben ist heute nicht mehr nur sch\u00f6n formuliert \u2013 es zeigt, dass du dich mit dem Job und dem Unternehmen auseinandergesetzt hast.Aber mal<\/p>\n\t\t<\/div>\n\t\t\n\t\t<a class=\"elementor-post__read-more\" href=\"https:\/\/dori-go.com\/index.php\/so-schreibst-du-ein-starkes-anschreiben-mit-ki\/\" aria-label=\"Read more about So schreibst du ein starkes Anschreiben mit KI\" tabindex=\"-1\" >\n\t\t\tMehr erfahren \u00bb\t\t<\/a>\n\n\t\t\t\t<\/div>\n\t\t\t\t<div class=\"elementor-post__meta-data\">\n\t\t\t\t\t<span class=\"elementor-post-author\">\n\t\t\tReto Dorigo\t\t<\/span>\n\t\t\t\t<span class=\"elementor-post-date\">\n\t\t\tSeptember 8, 2025\t\t<\/span>\n\t\t\t\t<\/div>\n\t\t\t\t\t<\/div>\n\t\t<\/article>\n\t\t\t\t<article class=\"elementor-post elementor-grid-item post-7662 post type-post status-publish format-standard has-post-thumbnail hentry category-uncategorized-de category-stellensuche entry has-media\" role=\"listitem\">\n\t\t\t<div class=\"elementor-post__card\">\n\t\t\t\t<a class=\"elementor-post__thumbnail__link\" href=\"https:\/\/dori-go.com\/index.php\/empfehlung-schlaegt-lebenslauf-wie-sie-mit-den-richtigen-kontakten-an-jobs-kommen\/\" tabindex=\"-1\" ><div class=\"elementor-post__thumbnail\"><img loading=\"lazy\" decoding=\"async\" width=\"300\" height=\"120\" src=\"https:\/\/dori-go.com\/wp-content\/uploads\/2025\/06\/49-300x120.webp\" class=\"attachment-medium size-medium wp-image-7663\" alt=\"\" srcset=\"https:\/\/dori-go.com\/wp-content\/uploads\/2025\/06\/49-300x120.webp 300w, https:\/\/dori-go.com\/wp-content\/uploads\/2025\/06\/49-1024x410.webp 1024w, https:\/\/dori-go.com\/wp-content\/uploads\/2025\/06\/49-768x307.webp 768w, https:\/\/dori-go.com\/wp-content\/uploads\/2025\/06\/49.webp 1400w\" sizes=\"(max-width: 300px) 100vw, 300px\" \/><\/div><\/a>\n\t\t\t\t<div class=\"elementor-post__badge\">Uncategorized<\/div>\n\t\t\t\t<div class=\"elementor-post__avatar\">\n\t\t\t<img alt='Reto Dorigo' src='https:\/\/secure.gravatar.com\/avatar\/f2c677a05afd4c8e742c489f41ecf791ef967ef6a5947db0929cb830506473be?s=128&#038;d=mm&#038;r=g' srcset='https:\/\/secure.gravatar.com\/avatar\/f2c677a05afd4c8e742c489f41ecf791ef967ef6a5947db0929cb830506473be?s=256&#038;d=mm&#038;r=g 2x' class='avatar avatar-128 photo' height='128' width='128' \/>\t\t<\/div>\n\t\t\t\t<div class=\"elementor-post__text\">\n\t\t\t\t<h3 class=\"elementor-post__title\">\n\t\t\t<a href=\"https:\/\/dori-go.com\/index.php\/empfehlung-schlaegt-lebenslauf-wie-sie-mit-den-richtigen-kontakten-an-jobs-kommen\/\" >\n\t\t\t\tEmpfehlung schl\u00e4gt Lebenslauf: Wie Sie mit den richtigen Kontakten an Jobs kommen\t\t\t<\/a>\n\t\t<\/h3>\n\t\t\t\t<div class=\"elementor-post__excerpt\">\n\t\t\t<p>Warum Kontakte T\u00fcren \u00f6ffnen, die Bewerbungen oft nicht erreichen Stellenanzeigen beantworten, Bewerbungsunterlagen verschicken, auf R\u00fcckmeldungen warten \u2013 viele kennen diesen Ablauf nur zu gut. Und<\/p>\n\t\t<\/div>\n\t\t\n\t\t<a class=\"elementor-post__read-more\" href=\"https:\/\/dori-go.com\/index.php\/empfehlung-schlaegt-lebenslauf-wie-sie-mit-den-richtigen-kontakten-an-jobs-kommen\/\" aria-label=\"Read more about Empfehlung schl\u00e4gt Lebenslauf: Wie Sie mit den richtigen Kontakten an Jobs kommen\" tabindex=\"-1\" >\n\t\t\tMehr erfahren \u00bb\t\t<\/a>\n\n\t\t\t\t<\/div>\n\t\t\t\t<div class=\"elementor-post__meta-data\">\n\t\t\t\t\t<span class=\"elementor-post-author\">\n\t\t\tReto Dorigo\t\t<\/span>\n\t\t\t\t<span class=\"elementor-post-date\">\n\t\t\tJuni 25, 2025\t\t<\/span>\n\t\t\t\t<\/div>\n\t\t\t\t\t<\/div>\n\t\t<\/article>\n\t\t\t\t<\/div>\n\t\t\n\t\t\t\t\t\t<\/div>\n\t\t\t\t<\/div>\n\t\t\t\t\t<\/div>\n\t\t<\/div>\n\t\t\t\t\t<\/div>\n\t\t<\/section>\n\t\t\t\t<\/div>\n\t\t","protected":false},"excerpt":{"rendered":"<p>Karrierego! Vielen Dank f\u00fcr Ihre Bewerbung! Vielen Dank! Ihre Bewerbung ist bei uns eingegangen Nach Sichtung Ihrer Unterlagen werden wir uns kurzfristig mit Ihnen in Verbindung setzen. Sollten Sie in der Zwischenzeit Fragen haben, so stehen wir Ihnen selbstverst\u00e4ndlich auch pers\u00f6nlich zur Verf\u00fcgung. Sie suchen einen wirkungsvollen Beschleuniger f\u00fcr Ihre Karriere? Wir k\u00f6nnen Sie wirkungsvoll [&hellip;]<\/p>\n","protected":false},"author":6,"featured_media":1135,"parent":0,"menu_order":0,"comment_status":"closed","ping_status":"closed","template":"","meta":{"ocean_post_layout":"","ocean_both_sidebars_style":"","ocean_both_sidebars_content_width":0,"ocean_both_sidebars_sidebars_width":0,"ocean_sidebar":"0","ocean_second_sidebar":"0","ocean_disable_margins":"enable","ocean_add_body_class":"","ocean_shortcode_before_top_bar":"","ocean_shortcode_after_top_bar":"","ocean_shortcode_before_header":"","ocean_shortcode_after_header":"","ocean_has_shortcode":"","ocean_shortcode_after_title":"","ocean_shortcode_before_footer_widgets":"","ocean_shortcode_after_footer_widgets":"","ocean_shortcode_before_footer_bottom":"","ocean_shortcode_after_footer_bottom":"","ocean_display_top_bar":"default","ocean_display_header":"default","ocean_header_style":"","ocean_center_header_left_menu":"0","ocean_custom_header_template":"0","ocean_custom_logo":0,"ocean_custom_retina_logo":0,"ocean_custom_logo_max_width":0,"ocean_custom_logo_tablet_max_width":0,"ocean_custom_logo_mobile_max_width":0,"ocean_custom_logo_max_height":0,"ocean_custom_logo_tablet_max_height":0,"ocean_custom_logo_mobile_max_height":0,"ocean_header_custom_menu":"0","ocean_menu_typo_font_family":"0","ocean_menu_typo_font_subset":"","ocean_menu_typo_font_size":0,"ocean_menu_typo_font_size_tablet":0,"ocean_menu_typo_font_size_mobile":0,"ocean_menu_typo_font_size_unit":"px","ocean_menu_typo_font_weight":"","ocean_menu_typo_font_weight_tablet":"","ocean_menu_typo_font_weight_mobile":"","ocean_menu_typo_transform":"","ocean_menu_typo_transform_tablet":"","ocean_menu_typo_transform_mobile":"","ocean_menu_typo_line_height":0,"ocean_menu_typo_line_height_tablet":0,"ocean_menu_typo_line_height_mobile":0,"ocean_menu_typo_line_height_unit":"","ocean_menu_typo_spacing":0,"ocean_menu_typo_spacing_tablet":0,"ocean_menu_typo_spacing_mobile":0,"ocean_menu_typo_spacing_unit":"","ocean_menu_link_color":"","ocean_menu_link_color_hover":"","ocean_menu_link_color_active":"","ocean_menu_link_background":"","ocean_menu_link_hover_background":"","ocean_menu_link_active_background":"","ocean_menu_social_links_bg":"","ocean_menu_social_hover_links_bg":"","ocean_menu_social_links_color":"","ocean_menu_social_hover_links_color":"","ocean_disable_title":"default","ocean_disable_heading":"default","ocean_post_title":"","ocean_post_subheading":"","ocean_post_title_style":"","ocean_post_title_background_color":"","ocean_post_title_background":0,"ocean_post_title_bg_image_position":"","ocean_post_title_bg_image_attachment":"","ocean_post_title_bg_image_repeat":"","ocean_post_title_bg_image_size":"","ocean_post_title_height":0,"ocean_post_title_bg_overlay":0.5,"ocean_post_title_bg_overlay_color":"","ocean_disable_breadcrumbs":"default","ocean_breadcrumbs_color":"","ocean_breadcrumbs_separator_color":"","ocean_breadcrumbs_links_color":"","ocean_breadcrumbs_links_hover_color":"","ocean_display_footer_widgets":"default","ocean_display_footer_bottom":"default","ocean_custom_footer_template":"0","footnotes":""},"class_list":["post-689","page","type-page","status-publish","has-post-thumbnail","hentry","entry","has-media"],"_links":{"self":[{"href":"https:\/\/dori-go.com\/index.php\/wp-json\/wp\/v2\/pages\/689","targetHints":{"allow":["GET"]}}],"collection":[{"href":"https:\/\/dori-go.com\/index.php\/wp-json\/wp\/v2\/pages"}],"about":[{"href":"https:\/\/dori-go.com\/index.php\/wp-json\/wp\/v2\/types\/page"}],"author":[{"embeddable":true,"href":"https:\/\/dori-go.com\/index.php\/wp-json\/wp\/v2\/users\/6"}],"replies":[{"embeddable":true,"href":"https:\/\/dori-go.com\/index.php\/wp-json\/wp\/v2\/comments?post=689"}],"version-history":[{"count":17,"href":"https:\/\/dori-go.com\/index.php\/wp-json\/wp\/v2\/pages\/689\/revisions"}],"predecessor-version":[{"id":6756,"href":"https:\/\/dori-go.com\/index.php\/wp-json\/wp\/v2\/pages\/689\/revisions\/6756"}],"wp:featuredmedia":[{"embeddable":true,"href":"https:\/\/dori-go.com\/index.php\/wp-json\/wp\/v2\/media\/1135"}],"wp:attachment":[{"href":"https:\/\/dori-go.com\/index.php\/wp-json\/wp\/v2\/media?parent=689"}],"curies":[{"name":"wp","href":"https:\/\/api.w.org\/{rel}","templated":true}]}}